{"id":71,"date":"2021-03-16T22:52:57","date_gmt":"2021-03-16T19:52:57","guid":{"rendered":"http:\/\/scnucet.ro\/?page_id=71"},"modified":"2025-03-23T13:20:40","modified_gmt":"2025-03-23T10:20:40","slug":"inscriere-invatamant-primar","status":"publish","type":"page","link":"https:\/\/scnucet.ro\/index.php\/inscriere-invatamant-primar\/","title":{"rendered":"\u00censcriere \u00eenv\u0103\u021b\u0103m\u00e2nt PRIMAR"},"content":{"rendered":"\n<h3 class=\"wp-block-heading has-text-align-center\"><mark style=\"background-color:rgba(0, 0, 0, 0)\" class=\"has-inline-color has-vivid-red-color\">\u00censcriere \u00eenv\u0103\u021b\u0103m\u00e2nt PRIMAR <\/mark><\/h3>\n\n\n\n<h3 class=\"wp-block-heading has-text-align-center\"><mark style=\"background-color:rgba(0, 0, 0, 0)\" class=\"has-inline-color has-vivid-red-color\">Anul \u0219colar 2025-2026<\/mark><\/h3>\n\n\n\n<div class=\"wp-block-buttons is-layout-flex wp-block-buttons-is-layout-flex\">\n<div class=\"wp-block-button\"><a class=\"wp-block-button__link has-black-color has-vivid-red-background-color has-text-color has-background wp-element-button\" href=\"https:\/\/scnucet.ro\/wp-content\/uploads\/2025\/03\/ORDIN-MEC-3435_2025-Calendar-inscriere-Inv.-Primar.pdf\">\u00censcriere_inv\u0103\u021b\u0103m\u00e2ntul Primar<\/a><\/div>\n<\/div>\n\n\n\n<hr class=\"wp-block-separator has-alpha-channel-opacity\"\/>\n\n\n\n<div class=\"wp-block-buttons is-layout-flex wp-block-buttons-is-layout-flex\">\n<div class=\"wp-block-button\"><a class=\"wp-block-button__link has-black-color has-pale-pink-background-color has-text-color has-background wp-element-button\" href=\"https:\/\/scnucet.ro\/wp-content\/uploads\/2023\/04\/Acte_necesare_inscriere_invatamant_primar_2023-2024.pdf\">Acte necesare \u00eenscrierii<\/a><\/div>\n\n\n\n<div class=\"wp-block-button\"><a class=\"wp-block-button__link has-black-color has-pale-pink-background-color has-text-color has-background wp-element-button\" href=\"https:\/\/scnucet.ro\/wp-content\/uploads\/2024\/03\/SITUATIA-CLASELOR-SI-LOCURILOR.pdf\">SITUA\u021aIA CLASELOR \u0218I LOCURILOR<\/a><\/div>\n<\/div>\n\n\n\n<p><\/p>\n","protected":false},"excerpt":{"rendered":"<p>\u00censcriere \u00eenv\u0103\u021b\u0103m\u00e2nt PRIMAR Anul \u0219colar 2025-2026<\/p>\n","protected":false},"author":1,"featured_media":0,"parent":0,"menu_order":0,"comment_status":"closed","ping_status":"closed","template":"","meta":{"_acf_changed":false,"footnotes":""},"class_list":["post-71","page","type-page","status-publish","hentry"],"acf":[],"_links":{"self":[{"href":"https:\/\/scnucet.ro\/index.php\/wp-json\/wp\/v2\/pages\/71","targetHints":{"allow":["GET"]}}],"collection":[{"href":"https:\/\/scnucet.ro\/index.php\/wp-json\/wp\/v2\/pages"}],"about":[{"href":"https:\/\/scnucet.ro\/index.php\/wp-json\/wp\/v2\/types\/page"}],"author":[{"embeddable":true,"href":"https:\/\/scnucet.ro\/index.php\/wp-json\/wp\/v2\/users\/1"}],"replies":[{"embeddable":true,"href":"https:\/\/scnucet.ro\/index.php\/wp-json\/wp\/v2\/comments?post=71"}],"version-history":[{"count":19,"href":"https:\/\/scnucet.ro\/index.php\/wp-json\/wp\/v2\/pages\/71\/revisions"}],"predecessor-version":[{"id":900,"href":"https:\/\/scnucet.ro\/index.php\/wp-json\/wp\/v2\/pages\/71\/revisions\/900"}],"wp:attachment":[{"href":"https:\/\/scnucet.ro\/index.php\/wp-json\/wp\/v2\/media?parent=71"}],"curies":[{"name":"wp","href":"https:\/\/api.w.org\/{rel}","templated":true}]}}