{"id":391,"date":"2023-10-27T22:03:41","date_gmt":"2023-10-27T19:03:41","guid":{"rendered":"https:\/\/scnucet.ro\/?page_id=391"},"modified":"2024-11-22T09:06:18","modified_gmt":"2024-11-22T06:06:18","slug":"programul-national-scoala-alftel","status":"publish","type":"page","link":"https:\/\/scnucet.ro\/index.php\/programul-national-scoala-alftel\/","title":{"rendered":"\u0218coala Alftel"},"content":{"rendered":"\n<p><a href=\"https:\/\/scnucet.ro\/wp-content\/uploads\/2023\/11\/01-Scoala-altfel-Ordin-5034-2016.pdf\">\u0218coala altfel Ordin 5034\/2016<\/a><\/p>\n\n\n\n<p><a href=\"https:\/\/edu.ro\/sites\/default\/files\/_fi%C8%99iere\/Minister\/2024\/educatie_rutiera\/Ghid_educatie_rutiera_primar.pdf\">Ghid de educa\u021bie rutier\u0103 pentru \u00eenv\u0103\u021b\u0103m\u00e2ntul primar<\/a><\/p>\n\n\n\n<p><a href=\"https:\/\/edu.ro\/sites\/default\/files\/_fi%C8%99iere\/Minister\/2024\/educatie_rutiera\/Ghid_educatie_rutiera_gimnaziu.pdf\">Ghid de educa\u021bie rutier\u0103 pentru \u00eenv\u0103\u021b\u0103m\u00e2ntul gimnazial<\/a><\/p>\n","protected":false},"excerpt":{"rendered":"<p>\u0218coala altfel Ordin 5034\/2016 Ghid de educa\u021bie rutier\u0103 pentru \u00eenv\u0103\u021b\u0103m\u00e2ntul primar Ghid de educa\u021bie rutier\u0103 pentru \u00eenv\u0103\u021b\u0103m\u00e2ntul gimnazial<\/p>\n","protected":false},"author":1,"featured_media":0,"parent":0,"menu_order":0,"comment_status":"closed","ping_status":"closed","template":"","meta":{"_acf_changed":false,"footnotes":""},"class_list":["post-391","page","type-page","status-publish","hentry"],"acf":[],"_links":{"self":[{"href":"https:\/\/scnucet.ro\/index.php\/wp-json\/wp\/v2\/pages\/391","targetHints":{"allow":["GET"]}}],"collection":[{"href":"https:\/\/scnucet.ro\/index.php\/wp-json\/wp\/v2\/pages"}],"about":[{"href":"https:\/\/scnucet.ro\/index.php\/wp-json\/wp\/v2\/types\/page"}],"author":[{"embeddable":true,"href":"https:\/\/scnucet.ro\/index.php\/wp-json\/wp\/v2\/users\/1"}],"replies":[{"embeddable":true,"href":"https:\/\/scnucet.ro\/index.php\/wp-json\/wp\/v2\/comments?post=391"}],"version-history":[{"count":6,"href":"https:\/\/scnucet.ro\/index.php\/wp-json\/wp\/v2\/pages\/391\/revisions"}],"predecessor-version":[{"id":834,"href":"https:\/\/scnucet.ro\/index.php\/wp-json\/wp\/v2\/pages\/391\/revisions\/834"}],"wp:attachment":[{"href":"https:\/\/scnucet.ro\/index.php\/wp-json\/wp\/v2\/media?parent=391"}],"curies":[{"name":"wp","href":"https:\/\/api.w.org\/{rel}","templated":true}]}}